e 12
6838
What is 2224 (base 5) in base 10?
314
-111101001000 (base 2) to base 9
-5326
-c1d (base 15) to base 16
-aa8
Convert -11043 (base 7) to base 8.
-5327
30b5 (base 14) to base 5
232031
-64115 (base 7) to base 13
-7295
Convert -a6 (base 15) to base 12.
-110
160515 (base 7) to base 6
401410
-737 (base 12) to base 13
-62b
What is 11023 (base 4) in base 14?
199
Convert 691 (base 11) to base 6.
3454
Convert 12555 (base 7) to base 3.
11121220
What is 7331 (base 8) in base 7?
14040
What is -84a (base 12) in base 8?
-2272
What is -34040 (base 6) in base 5?
-123101
Convert -1511 (base 16) to base 3.
-21101202
-1108 (base 14) to base 10
-2948
Convert 1442414 (base 5) to base 11.
21308
-2553 (base 10) to base 5
-40203
Convert a94 (base 15) to base 5.
34024
1200220 (base 4) to base 2
1100000101000
Convert 3970 (base 10) to base 2.
111110000010
What is -5d27 (base 15) in base 10?
-19837
What is 486b (base 12) in base 9?
12152
Convert -1140 (base 8) to base 11.
-503
Convert -31490 (base 10) to base 15.
-94e5
Convert -2c5c (base 15) to base 3.
-111002020
-72b (base 12) to base 5
-13133
Convert 120 (base 8) to base 2.
1010000
Convert -1234 (base 6) to base 4.
-10312
Convert -504 (base 8) to base 12.
-230
Convert -4013041 (base 5) to base 6.
-1210025
What is -110101000111 (base 2) in base 4?
-311013
21441 (base 8) to base 9
13302
Convert 1256 (base 10) to base 13.
758
-4124401 (base 5) to base 7
-400503
What is 530 (base 11) in base 4?
21332
3203132 (base 4) to base 12
8512
What is -644 (base 7) in base 11?
-277
What is 11110111 (base 2) in base 5?
1442
Convert 15445 (base 7) to base 12.
2621
33221 (base 5) to base 7
6511
What is 245441 (base 6) in base 8?
52741
22111 (base 3) to base 15
104
-b3f (base 16) to base 4
-230333
Convert -5198 (base 11) to base 6.
-51511
What is -778 (base 9) in base 5?
-10023
-e1 (base 16) to base 14
-121
a49 (base 14) to base 7
5622
Convert -22220 (base 3) to base 2.
-11110000
What is 2210220 (base 4) in base 8?
24450
Convert -16652 (base 10) to base 9.
-24752
13625 (base 7) to base 11
28a3
Convert 2711 (base 8) to base 2.
10111001001
What is 3332 (base 6) in base 2?
1100001000
-1c29 (base 15) to base 11
-4659
-38486 (base 10) to base 5
-2212421
What is 1024 (base 6) in base 5?
1412
Convert -a258 (base 11) to base 13.
-6274
What is -167a (base 13) in base 6?
-23200
What is 101100 (base 3) in base 13?
186
3042 (base 5) to base 10
397
Convert 162 (base 7) to base 14.
69
Convert 32591 (base 10) to base 6.
410515
What is -23498 (base 11) in base 10?
-33866
110110011111 (base 2) to base 10
3487
Convert -4077 (base 9) to base 12.
-188a
-513 (base 14) to base 6
-4341
1531 (base 6) to base 2
110011111
-12710 (base 11) to base 14
-6893
Convert -31522 (base 6) to base 9.
-5805
43b7 (base 12) to base 13
3538
What is 574 (base 9) in base 15?
217
Convert 33113 (base 6) to base 3.
20021200
Convert -3ad (base 15) to base 16.
-346
-4a13 (base 14) to base 5
-403303
What is a9c (base 14) in base 11?
1638
Convert -103 (base 13) to base 8.
-254
101221121 (base 3) to base 13
382c
-1077 (base 14) to base 7
-11210
176 (base 11) to base 5
1304
401 (base 6) to base 5
1040
13244 (base 5) to base 8
2062
-887 (base 14) to base 11
-12a4
111110111000 (base 2) to base 12
23b4
-24a3 (base 15) to base 11
-5954
Convert -29 (base 10) to base 5.
-104
What is -12020 (base 4) in base 7?
-1100
15730 (base 8) to base 6
53000
442 (base 7) to base 15
101
What is 1af3 (base 16) in base 7?
26054
What is -18897 (base 11) in base 3?
-1100011102
796 (base 10) to base 14
40c
Convert 7611 (base 10) to base 5.
220421
-300403 (base 6) to base 7
-125304
What is -8145 (base 10) in base 9?
-12150
What is 5894 (base 10) in base 11?
4479
What is 240 (base 14) in base 3?
121121
-127a6 (base 14) to base 16
-b16e
-101000001100010 (base 2) to base 15
-616d
What is -19a85 (base 13) in base 15?
-ecc3
What is 112101 (base 3) in base 13?
23b
1a1 (base 12) to base 10
265
-10133 (base 5) to base 4
-22130
What is -3549 (base 15) in base 12?
-6673
10320 (base 9) to base 8
15246
What is -8a9 (base 11) in base 4?
-100333
What is 10110100001000 (base 2) in base 11?
8730
64330 (base 8) to base 3
1100211002
17c0 (base 15) to base 10
5130
Convert -2582 (base 16) to base 7.
-36665
Convert 314232 (base 7) to base 2.
1101010000101011
-15b9 (base 16) to base 10
-5561
Convert 1084 (base 9) to base 2.
1100100101
340 (base 6) to base 11
110
806 (base 12) to base 16
486
-21342 (base 5) to base 12
-a28
What is -110 (base 4) in base 5?
-40
Convert 121000222 (base 3) to base 2.
10110110101010
Convert 39c (base 13) to base 4.
21330
Convert 202a (base 13) to base 7.
15626
Convert -5926 (base 12) to base 7.
-41025
-2033 (base 4) to base 14
-a3
-9e81 (base 16) to base 5
-2244302
What is -10100001 (base 2) in base 10?
-161
17111 (base 9) to base 8
26753
What is 352351 (base 6) in base 15?
9004
-212310 (base 5) to base 8
-16045
-357 (base 15) to base 2
-1011110101
What is 31228 (base 9) in base 2?
101000001111000
Convert 225 (base 15) to base 3.
122222
879 (base 12) to base 3
1201010
What is 645 (base 16) in base 12?
b19
What is -1110011010001 (base 2) in base 11?
-55a7
What is -2547 (base 11) in base 14?
-12d0
3311 (base 5) to base 6
2040
Convert -732 (base 9) to base 14.
-308
What is -24 (base 14) in base 10?
-32
Convert -145b (base 12) to base 10.
-2375
What is 101021231 (base 4) in base 9?
116328
Convert 1149 (base 12) to base 11.
14a4
Convert -121023 (base 4) to base 13.
-96c
What is 64d (base 15) in base 13?
856
What is -211442 (base 5) in base 9?
-10683
What is 3332 (base 4) in base 16?
fe
What is a50 (base 11) in base 15?
595
Convert 2151 (base 7) to base 8.
1403
What is 104044 (base 5) in base 6?
24521
Convert 4b20 (base 16) to base 14.
701a
What is -43065 (base 7) in base 16?
-29b8
-123 (base 13) to base 10
-198
-1871 (base 9) to base 14
-74d
Convert -581 (base 9) to base 4.
-13132
Convert 204330 (base 5) to base 3.
100101100
Convert -24c0 (base 16) to base 14.
-3600
Convert 668b (base 14) to base 16.
4563
Convert -570b (base 12) to base 7.
-40106
Convert -1218 (base 9) to base 4.
-32030
-12101 (base 7) to base 12
-1995
Convert -2541 (base 7) to base 12.
-680
What is 220 (base 10) in base 9?
264
-53635 (base 7) to base 12
-788a
897 (base 11) to base 7
3063
Convert -38 (base 16) to base 9.
-62
Convert 23121 (base 5) to base 15.
75b
2b0 (base 15) to base 16
267
Convert 15575 (base 15) to base 9.
114252
11281 (base 11) to base 3
211100211
Convert 1a17 (base 13) to base 16.
f43
What is 2212022112 (base 3) in base 5?
3300423
Convert 735 (base 13) to base 6.
5403
Convert -30424 (base 5) to base 16.
-7c5
Convert -12951 (base 12) to base 13.
-b824
bb (base 14) to base 9
203
Convert -10100101 (base 2) to base 14.
-bb
What is 2695 (base 10) in base 16?
a87
-205342 (base 6) to base 9
-24888
Convert 110222221 (base 3) to base 14.
364b
-216 (base 10) to base 13
-138
-50143 (base 6) to base 13
-2c94
Convert -121011112 (base 3) to base 10.
-11786
Convert 1100000100 (base 2) to base 16.
304
What is ee3 (base 15) in base 9?
4546
Convert 20021101 (base 3) to base 4.
1013131
-a4a4 (base 11) to base 2
-11011001010100
What is 83c (base 15) in base 6?
12333
-107425 (base 9) to base 7
-356021
What is -1177 (base 12) in base 5?
-30323
What is -5698 (base 11) in base 5?
-214423
Convert -1473 (base 11) to base 3.
-2121012
Convert -140421 (base 5) to base 14.
-213a
Convert -8ad7 (base 16) to base 10.
-35543
1100112 (base 3) to base 6
4322
What is -16a1 (base 11) in base 4?
-201320
What is -11656 (base 11) in base 4?
-10011313
What is -b104 (base 13) in base 6?
-304404
2666 (base 7) to base 11
855
13051 (base 6) to base 11
1536
Convert 8b0 (base 16) to base 12.
1354
10100010010 (base 2) to base 14
68a
132103 (base 4) to base 2
11110010011
What is -1111111011011 (base 2) in base 12?
-4877
Convert aea (base 16) to base 6.
20534
13121 (base 4) to base 2
111011001
1011001100101 (base 2) to base 6
42313
Convert 201200 (base 3) to base 16.
213
Convert 513241 (base 6) to base 9.
62117
Convert -2030 (base 5) to base 15.
-12a
Convert -1cf (base 16) to base 3.
-122011
What is -353 (base 14) in base 8?
-1225
What is -1054 (base 6) in base 10?
-250
Convert -101111111101001 (base 2) to base 7.
-131404
Convert 125052 (base 7) to base 14.
87